(i) = -2466*i - 181. Is n(-5) composite?
False
Let q = -1 - -3. Let y(m) = 7*m**3 + 6*m**2 - 6*m + 4. Let l(a) = -27*a**3 - 25*a**2 + 25*a - 17. Let o(r) = 2*l(r) + 9*y(r). Is o(q) composite?
True
Suppose 0 = -5*d - 5*a + 6235, -4*a = 2*d + 3*d - 6231. Is d composite?
True
Suppose u = 5*a - 34 + 8, -3*u = 3. Suppose 2*k = 5*i + 446, 0*i = -a*k + i + 1092. Is k composite?
True
Suppose 49*d - 39*d - 50390 = 0. Is d composite?
False
Let m = -2833 - -6470. Is m a composite number?
False
Let w(v) = 36*v**3 + v**2 + v. Let d be w(-4). Suppose -4*m - 10 = 5*g, -4*m + 3 + 1 = -2*g. Is (m + -2)/(24/d) a composite number?
False
Let x(d) = 11*d - 84*d**3 - 2*d**2 - 9*d**2 + 2 + 9 + 86*d**3. Is x(6) a prime number?
True
Let d(k) = 2*k**2 + 11*k + 16. Suppose 0 = -l - 0*l - 9. Is d(l) a composite number?
False
Is 5/40 - (-48180)/96 composite?
True
Let h(n) = 88*n**2 - n - 25. Is h(6) a composite number?
False
Let u(v) be the third derivative of v**5/60 - v**4/24 - v**3/2 - 4*v**2. Is u(8) composite?
False
Let g(a) = 101*a**2 - a + 13. Suppose -14*o + 3*o = -66. Is g(o) composite?
False
Let z(r) = -3*r**3 - 4*r**2 - 2*r - 13. Let w be z(-4). Is ((-3)/(-6)*w)/(3/6) a composite number?
True
Let s(o) = -2*o**2 + 3*o - 3. Let p be (-1)/(-3) + 72/27. Let a be s(p). Is 1/3 - 512/a composite?
False
Suppose -p = 4 - 8. Suppose 0 = -g + p*o + 103, 4*o + 0*o + 352 = 4*g. Is g prime?
True
Suppose 5*f - 3*y - 140 = 0, 2*f = y + 27 + 28. Suppose 2*m - 27 = -m - 4*z, 2*m = -5*z + f. Suppose m*b = 472 + 1123. Is b composite?
True
Let x(b) = 37*b**2 - 12*b - 50. Is x(-7) a composite number?
False
Suppose -3*a - 115 = 248. Let g be 25472/72 - ((-8)/(-9))/(-4). Let y = g + a. Is y prime?
True
Suppose -2*z = 5*q + 46, 0 = -5*q + q - 4*z - 44. Let k be 3*-1 - (q + -9). Is k/(-21) - (-418)/6 composite?
True
Suppose 0 = 3*h - 13*h - 20. Is (-1 - h)/(2/998) composite?
False
Suppose -7*h + 25 = -2*h. Suppose -4*y = h*y - 495. Is y a prime number?
False
Suppose 0 = l - 4*i - i + 18, 4*l + 2*i = 16. Suppose -3*j = -w - 33, -7 + 29 = l*j + 2*w. Is j composite?
False
Suppose -5*n - 6 = -0*u + u, -3*n - 2 = -u. Let o be (u/2*0)/(-2). Is (o + 2)*1347/6 prime?
True
Let i(m) = -192*m**3 - 2*m**2 + 4*m + 1. Is i(-3) a prime number?
False
Let d = -8 + 1. Let b be (-7)/2*8/d. Is (-2)/(b/(-11))*2 composite?
False
Suppose 0*w = 2*w + 5*k - 125, 3*w - 175 = 5*k. Suppose -2*c = -w - 2. Is c a composite number?
False
Let q(j) be the second derivative of j**5/20 + 3*j**4/4 + j**3/6 + 6*j**2 + 7*j. Let o be q(-9). Suppose h - 199 - o = 0. Is h a prime number?
False
Let j = 7450 - 3123. Is j a prime number?
True
Suppose 5*w - 2461 = -3*c + 25281, -5*w = -c + 9214. Is c a composite number?
False
Suppose 5*d + 135 = 7430. Is d a composite number?
False
Suppose 6*j - 49 = 5. Is (6252/(-8))/(j/(-42)) composite?
True
Suppose -3*y = -5*v - 3290, 2*v = -4*y + 3*v + 4381. Let h = -4 - -7. Suppose 0*j + h*j = y. Is j composite?
True
Let v = -53 - -57. Suppose v*p + 3*u = 442, -2*p + 74 + 134 = -5*u. Is p prime?
True
Suppose 601302 + 692048 = 10*b. Is b a prime number?
False
Let l(u) = -95*u + 24. Is l(-7) prime?
False
Suppose -p = -4*p + 189. Suppose t - 3 + 2 = 0. Suppose -2*i + p - t = 0. Is i a prime number?
True
Let a be (0 + 0)/(0 - 2). Let p be (a - -1)/((-10)/(-90)). Let q = -5 + p. Is q a composite number?
True
Suppose 1748 = -13*i + 15*i - 2*r, 0 = -3*i + 2*r + 2627. Is i prime?
False
Suppose -751 = -4*l + 2709. Is (0 - (-1)/1) + (l - 1) a prime number?
False
Let o(j) = -2*j + 14. Let w be o(6). Suppose 5*x - 405 = 3*p + w*p, 2*x - 174 = 5*p. Is x composite?
True
Let k(b) = 451*b**2 + 3*b + 3. Suppose 3*a + g - 30 = -2*g, 4*a + 2*g - 32 = 0. Suppose 4 - a = w. Is k(w) a composite number?
False
Let y(s) = -s**3 - 40*s**2 + 91*s + 63. Is y(-46) a prime number?
True
Let s = 313148 + -220415. Is s a composite number?
True
Is ((-10)/8)/(14/(-220808)) a prime number?
False
Let z be -3*((1808/(-12))/2 + 3). Suppose -2*s - 2735 - z = -2*l, -3*s = -2*l + 2957. Is l a prime number?
True
Suppose -3*c + 4 = 1, n - 4*c = 1048. Suppose 3*p - 445 = n. Is p a prime number?
True
Suppose 2*n = -4*b + 24, -2*b = b - 15. Let c(g) = -14*g + 1. Let p be c(n). Is (-6)/p + (-8264)/(-72) prime?
False
Let u be ((-123)/6)/(2/4). Let p = -27 - u. Is p composite?
True
Let v be (1 + 2/(-3))/(14/84). Is -2*(-37)/v - 0 composite?
False
Let a(u) = -u + 9*u - 5*u + 3 + 12*u. Is a(6) composite?
True
Let x be 39/6 - (-4)/(-8). Suppose m = 5*j + 1433, 4*m = x*m + 3*j - 2840. Is m prime?
True
Suppose -6*l + 4*l + 5*g + 797 = 0, 5*l + 2*g - 2065 = 0. Suppose l = 2*z - 55. Is z a prime number?
True
Suppose k + 412 = 5*x, -76 = -2*x + x - 3*k. Is (-19)/2*(-10 - x) - -3 prime?
True
Suppose -5*q + 1 = 4*g, 0 = 4*q - 5*q - 4*g - 3. Is (332 + 1 + -2)/q a prime number?
True
Suppose u + 6304 = 3*p, -1622 = -p - 2*u + 491. Is p composite?
True
Suppose g + 3*g - 42 = 3*q, 5*q + 50 = 5*g. Let n be 7641/g - (-1)/4. Suppose -5*t = -2*h + n, 5 + 4 = 3*t. Is h a prime number?
False
Is -84074*(-7)/14 - (2 + 4) composite?
True
Let f be 0 - (-8)/(-28) - 9/(-7). Let d(z) = 1831*z + 4. Is d(f) composite?
True
Suppose 3*u + 2*u = 0. Suppose 5*v - 25 + 5 = u. Suppose -36 - 56 = -v*y. Is y composite?
False
Suppose 3*n = -4*q + 557, 0*n = -2*n - q + 363. Is n prime?
True
Let j = 42 - 62. Let x be (-6)/(-4) - 10/j. Suppose x*v - 9921 = -4055. Is v composite?
True
Let o = 15 + -11. Suppose 1516 = o*g - 0*g. Is g prime?
True
Is 662/4*(43 - (-21 + 6)) a composite number?
True
Let j(c) = 345*c**3 - 5 + 0 + 5 + 2*c**2 - c. Suppose -2*h - 2 = -4, 2 = -q + 3*h. Is j(q) composite?
True
Suppose 0 = 10*k - 12*k - 4. Let l be 10*-3*k/12. Suppose 0*o + 1754 = 4*o + y, 5*y = l*o - 2205. Is o a prime number?
True
Suppose 0 = -0*j - 55*j + 1326655. Is j composite?
False
Let x(v) = -4*v + 8*v + 2 - v + 1404*v**2. Is x(-1) prime?
False
Let x(k) = k**3 - 30*k**2 - 16*k + 16. Is x(31) composite?
True
Suppose -12 = -3*z, 19*z - 17*z - 200381 = -3*g. Is g a prime number?
True
Suppose -5*t - 2*k + 5595 = 0, 7*t - 3*k - 3336 = 4*t. Is t prime?
True
Let s(a) = 5*a + 22. Let x be s(15). Suppose 0 = 2*z - x - 109. Is z prime?
True
Let l(j) = 9*j**2 + 38*j - 20. Let k be l(18). Let y = -2045 + k. Is y a composite number?
True
Let m(g) = -12*g**3 + 2*g**2 - 4*g. Let r(p) = p + 4. Let h be r(-8). Let d be m(h). Suppose 4*o - d = -252. Is o a prime number?
False
Let o(d) = -370*d - 17. Is o(-6) prime?
True
Suppose 3*o - 2*u = 31, -o + 51 = 4*o - 4*u. Is 6/(-165)*-5 + 9139/o a prime number?
False
Let m(b) = b**3 + b**2 + b + 1071. Let i be m(0). Let c = i - 291. Let n = c - 557. Is n a prime number?
True
Let a(l) = 2468*l**2 + 3*l + 26. Is a(-3) a composite number?
False
Is (1092/(-70))/(-26) - (-462752)/5 prime?
True
Let o = 2 + -1. Suppose 2*p + 3*p + 3*b = -623, -b - o = 0. Let w = p + 210. Is w composite?
True
Suppose -2*t - b - 303 = -6*b, -5*b + 447 = -3*t. Let l = 659 + t. Is l composite?
True
Let p = 25 + -23. Suppose p*u - 4*s = -u + 12, 0 = s. Suppose -u*z + 3*b = -409, -71 - 161 = -2*z - 4*b. Is z a composite number?
True
Let d(r) = 9941*r + 104. Is d(5) composite?
True
Suppose -9274 = -3*g + 10133. Is g composite?
False
Let k(a) = 5*a - 4*a - 2*a. Let i be k(-4). Suppose 3*f - i*f + 9 = 0. Is f a composite number?
True
Let t(y) = -295*y. Let h be t(4). Is (h/(-12) - -1)/((-6)/(-9)) a prime number?
True
Let v(i) = -i**2 + 3*i + 4. Let w be v(3). Suppose 0 = -w*a + 1063 + 1269. Is a a composite number?
True
Let r = 86 + -82. Suppose 3*j - 10406 = l - 3*l, 0 = -l - r*j + 5193. Is l composite?
False
Let m(h) = -214*h - 21. Suppose 0 = 3*r - 2 + 20. Is m(r) a prime number?
False
Let h(t) be the second derivative of t**4/12 + 233*t**2/2 - t. Let x be (-2 + 0 - -2)*(-3)/3. Is h(x) prime?
True
Let d(s) = 563*s**2 - 12*s + 36. Is d(7) prime?
True
Let y be 10/(-2) + 4 + -4. Is -2 - (-1210 + (-5)/y) a prime number?
False
Let y(z) = 15 + 11 + z - 9. Suppose 5*s = 2*a + 86, -6*s + s = 5*a - 65. Is y(s) composite?
True
Suppose -38*j = -39*j - 541. Let v = 1162 - j. Is v a prime number?
False
Let i = -1 - -1. Let n = 811 + -448. Suppose -2*q + d = 2*d - n, 2*d - 10 = i. Is q a prime number?
True
Let y(m) be the first derivative of 1/3*m**3 + 1/2*m**2 - 4 - 19*m. Is y(-8) prime?
True
Suppose